{"id":558,"date":"2016-10-18T12:03:53","date_gmt":"2016-10-18T17:03:53","guid":{"rendered":"http:\/\/www.maquicat.com\/website\/home\/?page_id=558"},"modified":"2017-09-07T18:56:45","modified_gmt":"2017-09-07T23:56:45","slug":"rehusabilidad-de-partes","status":"publish","type":"page","link":"https:\/\/www.maquicat.com\/website\/home\/que-ofrecemos\/rehusabilidad-de-partes\/","title":{"rendered":"REHUSABILIDAD DE PARTES"},"content":{"rendered":"<div id=\"pl-558\"  class=\"panel-layout\" ><div id=\"pg-558-0\"  class=\"panel-grid panel-no-style\" ><div id=\"pgc-558-0-0\"  class=\"panel-grid-cell\" ><div id=\"panel-558-0-0-0\" class=\"so-panel widget widget_sow-editor panel-first-child panel-last-child\" data-index=\"0\" ><div class=\"panel-widget-style panel-widget-style-for-558-0-0-0\" ><div\n\t\t\t\n\t\t\tclass=\"so-widget-sow-editor so-widget-sow-editor-base\"\n\t\t\t\n\t\t>\n<div class=\"siteorigin-widget-tinymce textwidget\">\n\t<p style=\"padding-left: 30px;\"><a href=\"http:\/\/www.maquicat.com\/website\/wp-content\/uploads\/2015\/10\/P1060172.jpg\" rel=\"attachment wp-att-179\"><img loading=\"lazy\" decoding=\"async\" class=\"wp-image-179 size-medium alignright\" src=\"http:\/\/www.maquicat.com\/website\/wp-content\/uploads\/2015\/10\/P1060172-300x200.jpg\" alt=\"P1060172\" width=\"300\" height=\"200\" srcset=\"https:\/\/www.maquicat.com\/website\/wp-content\/uploads\/2015\/10\/P1060172-300x200.jpg 300w, https:\/\/www.maquicat.com\/website\/wp-content\/uploads\/2015\/10\/P1060172-1024x683.jpg 1024w\" sizes=\"auto, (max-width: 300px) 100vw, 300px\" \/><\/a>Siguiendo criterios del fabricante, se ofrece el servicio de rehusabilidad de partes, esto con la finalidad \u00a0principal de ahorrar costos de hasta un 50% sobre componentes nuevos.<\/p>\n<p style=\"padding-left: 30px;\">Esto es una gran ventaja para nuestros clientes, ya que no se ver\u00e1n obligados a cambiar todas la piezas de un componente, para obtener garant\u00eda por un servicio realizado, por el contrario, previo a un an\u00e1lisis de cada una de las partes, se informara acerca de las partes que tienen la posibilidad de ser rehusadas, luego de un trabajo de reacondicionamiento.<\/p>\n<p style=\"padding-left: 30px;\">La garant\u00eda del servicio sera el mismo como si estuvieran cambiando por piezas nuevas.<\/p>\n<p>\u00a0<br \/> <strong><em><a href=\"tel:945045270\">Solicitar Servicio<\/a><\/em><\/strong><\/p>\n<\/div>\n<\/div><\/div><\/div><\/div><\/div><\/div>","protected":false},"excerpt":{"rendered":"<p>Siguiendo criterios del fabricante, se ofrece el servicio de rehusabilidad de partes, esto con la finalidad \u00a0principal de ahorrar costos de hasta un 50% sobre componentes nuevos.Esto es una gran ventaja para nuestros clientes, ya que no se ver\u00e1n obligados a cambiar todas la piezas de un componente, para obtener garant\u00eda por un servicio realizado, [&hellip;]<\/p>\n","protected":false},"author":1,"featured_media":0,"parent":29,"menu_order":0,"comment_status":"closed","ping_status":"closed","template":"","meta":{"footnotes":""},"class_list":["post-558","page","type-page","status-publish","hentry"],"yoast_head":"<!-- This site is optimized with the Yoast SEO plugin v24.2 - https:\/\/yoast.com\/wordpress\/plugins\/seo\/ -->\n<title>REHUSABILIDAD DE PARTES - MAQUICAT S.A.C.<\/title>\n<meta name=\"robots\" content=\"index, follow, max-snippet:-1, max-image-preview:large, max-video-preview:-1\" \/>\n<link rel=\"canonical\" href=\"https:\/\/www.maquicat.com\/website\/home\/que-ofrecemos\/rehusabilidad-de-partes\/\" \/>\n<meta property=\"og:locale\" content=\"es_ES\" \/>\n<meta property=\"og:type\" content=\"article\" \/>\n<meta property=\"og:title\" content=\"REHUSABILIDAD DE PARTES - MAQUICAT S.A.C.\" \/>\n<meta property=\"og:description\" content=\"Siguiendo criterios del fabricante, se ofrece el servicio de rehusabilidad de partes, esto con la finalidad \u00a0principal de ahorrar costos de hasta un 50% sobre componentes nuevos.Esto es una gran ventaja para nuestros clientes, ya que no se ver\u00e1n obligados a cambiar todas la piezas de un componente, para obtener garant\u00eda por un servicio realizado, [&hellip;]\" \/>\n<meta property=\"og:url\" content=\"https:\/\/www.maquicat.com\/website\/home\/que-ofrecemos\/rehusabilidad-de-partes\/\" \/>\n<meta property=\"og:site_name\" content=\"MAQUICAT S.A.C.\" \/>\n<meta property=\"article:modified_time\" content=\"2017-09-07T23:56:45+00:00\" \/>\n<meta property=\"og:image\" content=\"http:\/\/www.maquicat.com\/website\/wp-content\/uploads\/2015\/10\/P1060172-300x200.jpg\" \/>\n<meta name=\"twitter:card\" content=\"summary_large_image\" \/>\n<meta name=\"twitter:label1\" content=\"Tiempo de lectura\" \/>\n\t<meta name=\"twitter:data1\" content=\"1 minuto\" \/>\n<script type=\"application\/ld+json\" class=\"yoast-schema-graph\">{\"@context\":\"https:\/\/schema.org\",\"@graph\":[{\"@type\":\"WebPage\",\"@id\":\"https:\/\/www.maquicat.com\/website\/home\/que-ofrecemos\/rehusabilidad-de-partes\/\",\"url\":\"https:\/\/www.maquicat.com\/website\/home\/que-ofrecemos\/rehusabilidad-de-partes\/\",\"name\":\"REHUSABILIDAD DE PARTES - MAQUICAT S.A.C.\",\"isPartOf\":{\"@id\":\"https:\/\/www.maquicat.com\/website\/home\/#website\"},\"primaryImageOfPage\":{\"@id\":\"https:\/\/www.maquicat.com\/website\/home\/que-ofrecemos\/rehusabilidad-de-partes\/#primaryimage\"},\"image\":{\"@id\":\"https:\/\/www.maquicat.com\/website\/home\/que-ofrecemos\/rehusabilidad-de-partes\/#primaryimage\"},\"thumbnailUrl\":\"http:\/\/www.maquicat.com\/website\/wp-content\/uploads\/2015\/10\/P1060172-300x200.jpg\",\"datePublished\":\"2016-10-18T17:03:53+00:00\",\"dateModified\":\"2017-09-07T23:56:45+00:00\",\"breadcrumb\":{\"@id\":\"https:\/\/www.maquicat.com\/website\/home\/que-ofrecemos\/rehusabilidad-de-partes\/#breadcrumb\"},\"inLanguage\":\"es\",\"potentialAction\":[{\"@type\":\"ReadAction\",\"target\":[\"https:\/\/www.maquicat.com\/website\/home\/que-ofrecemos\/rehusabilidad-de-partes\/\"]}]},{\"@type\":\"ImageObject\",\"inLanguage\":\"es\",\"@id\":\"https:\/\/www.maquicat.com\/website\/home\/que-ofrecemos\/rehusabilidad-de-partes\/#primaryimage\",\"url\":\"http:\/\/www.maquicat.com\/website\/wp-content\/uploads\/2015\/10\/P1060172-300x200.jpg\",\"contentUrl\":\"http:\/\/www.maquicat.com\/website\/wp-content\/uploads\/2015\/10\/P1060172-300x200.jpg\"},{\"@type\":\"BreadcrumbList\",\"@id\":\"https:\/\/www.maquicat.com\/website\/home\/que-ofrecemos\/rehusabilidad-de-partes\/#breadcrumb\",\"itemListElement\":[{\"@type\":\"ListItem\",\"position\":1,\"name\":\"Portada\",\"item\":\"https:\/\/www.maquicat.com\/website\/home\/\"},{\"@type\":\"ListItem\",\"position\":2,\"name\":\"QUE OFRECEMOS\",\"item\":\"https:\/\/www.maquicat.com\/website\/home\/que-ofrecemos\/\"},{\"@type\":\"ListItem\",\"position\":3,\"name\":\"REHUSABILIDAD DE PARTES\"}]},{\"@type\":\"WebSite\",\"@id\":\"https:\/\/www.maquicat.com\/website\/home\/#website\",\"url\":\"https:\/\/www.maquicat.com\/website\/home\/\",\"name\":\"MAQUICAT S.A.C.\",\"description\":\"REPARACI\u00d3N DE MAQUINARIA PESADA \u25a0\u25a0\u25a0TELF. 945045270\",\"publisher\":{\"@id\":\"https:\/\/www.maquicat.com\/website\/home\/#organization\"},\"potentialAction\":[{\"@type\":\"SearchAction\",\"target\":{\"@type\":\"EntryPoint\",\"urlTemplate\":\"https:\/\/www.maquicat.com\/website\/home\/?s={search_term_string}\"},\"query-input\":{\"@type\":\"PropertyValueSpecification\",\"valueRequired\":true,\"valueName\":\"search_term_string\"}}],\"inLanguage\":\"es\"},{\"@type\":\"Organization\",\"@id\":\"https:\/\/www.maquicat.com\/website\/home\/#organization\",\"name\":\"maquicat SAC\",\"url\":\"https:\/\/www.maquicat.com\/website\/home\/\",\"logo\":{\"@type\":\"ImageObject\",\"inLanguage\":\"es\",\"@id\":\"https:\/\/www.maquicat.com\/website\/home\/#\/schema\/logo\/image\/\",\"url\":\"https:\/\/www.maquicat.com\/website\/wp-content\/uploads\/2015\/11\/logo_maqX2.png\",\"contentUrl\":\"https:\/\/www.maquicat.com\/website\/wp-content\/uploads\/2015\/11\/logo_maqX2.png\",\"width\":476,\"height\":110,\"caption\":\"maquicat SAC\"},\"image\":{\"@id\":\"https:\/\/www.maquicat.com\/website\/home\/#\/schema\/logo\/image\/\"}}]}<\/script>\n<!-- \/ Yoast SEO plugin. -->","yoast_head_json":{"title":"REHUSABILIDAD DE PARTES - MAQUICAT S.A.C.","robots":{"index":"index","follow":"follow","max-snippet":"max-snippet:-1","max-image-preview":"max-image-preview:large","max-video-preview":"max-video-preview:-1"},"canonical":"https:\/\/www.maquicat.com\/website\/home\/que-ofrecemos\/rehusabilidad-de-partes\/","og_locale":"es_ES","og_type":"article","og_title":"REHUSABILIDAD DE PARTES - MAQUICAT S.A.C.","og_description":"Siguiendo criterios del fabricante, se ofrece el servicio de rehusabilidad de partes, esto con la finalidad \u00a0principal de ahorrar costos de hasta un 50% sobre componentes nuevos.Esto es una gran ventaja para nuestros clientes, ya que no se ver\u00e1n obligados a cambiar todas la piezas de un componente, para obtener garant\u00eda por un servicio realizado, [&hellip;]","og_url":"https:\/\/www.maquicat.com\/website\/home\/que-ofrecemos\/rehusabilidad-de-partes\/","og_site_name":"MAQUICAT S.A.C.","article_modified_time":"2017-09-07T23:56:45+00:00","og_image":[{"url":"http:\/\/www.maquicat.com\/website\/wp-content\/uploads\/2015\/10\/P1060172-300x200.jpg","type":"","width":"","height":""}],"twitter_card":"summary_large_image","twitter_misc":{"Tiempo de lectura":"1 minuto"},"schema":{"@context":"https:\/\/schema.org","@graph":[{"@type":"WebPage","@id":"https:\/\/www.maquicat.com\/website\/home\/que-ofrecemos\/rehusabilidad-de-partes\/","url":"https:\/\/www.maquicat.com\/website\/home\/que-ofrecemos\/rehusabilidad-de-partes\/","name":"REHUSABILIDAD DE PARTES - MAQUICAT S.A.C.","isPartOf":{"@id":"https:\/\/www.maquicat.com\/website\/home\/#website"},"primaryImageOfPage":{"@id":"https:\/\/www.maquicat.com\/website\/home\/que-ofrecemos\/rehusabilidad-de-partes\/#primaryimage"},"image":{"@id":"https:\/\/www.maquicat.com\/website\/home\/que-ofrecemos\/rehusabilidad-de-partes\/#primaryimage"},"thumbnailUrl":"http:\/\/www.maquicat.com\/website\/wp-content\/uploads\/2015\/10\/P1060172-300x200.jpg","datePublished":"2016-10-18T17:03:53+00:00","dateModified":"2017-09-07T23:56:45+00:00","breadcrumb":{"@id":"https:\/\/www.maquicat.com\/website\/home\/que-ofrecemos\/rehusabilidad-de-partes\/#breadcrumb"},"inLanguage":"es","potentialAction":[{"@type":"ReadAction","target":["https:\/\/www.maquicat.com\/website\/home\/que-ofrecemos\/rehusabilidad-de-partes\/"]}]},{"@type":"ImageObject","inLanguage":"es","@id":"https:\/\/www.maquicat.com\/website\/home\/que-ofrecemos\/rehusabilidad-de-partes\/#primaryimage","url":"http:\/\/www.maquicat.com\/website\/wp-content\/uploads\/2015\/10\/P1060172-300x200.jpg","contentUrl":"http:\/\/www.maquicat.com\/website\/wp-content\/uploads\/2015\/10\/P1060172-300x200.jpg"},{"@type":"BreadcrumbList","@id":"https:\/\/www.maquicat.com\/website\/home\/que-ofrecemos\/rehusabilidad-de-partes\/#breadcrumb","itemListElement":[{"@type":"ListItem","position":1,"name":"Portada","item":"https:\/\/www.maquicat.com\/website\/home\/"},{"@type":"ListItem","position":2,"name":"QUE OFRECEMOS","item":"https:\/\/www.maquicat.com\/website\/home\/que-ofrecemos\/"},{"@type":"ListItem","position":3,"name":"REHUSABILIDAD DE PARTES"}]},{"@type":"WebSite","@id":"https:\/\/www.maquicat.com\/website\/home\/#website","url":"https:\/\/www.maquicat.com\/website\/home\/","name":"MAQUICAT S.A.C.","description":"REPARACI\u00d3N DE MAQUINARIA PESADA \u25a0\u25a0\u25a0TELF. 945045270","publisher":{"@id":"https:\/\/www.maquicat.com\/website\/home\/#organization"},"potentialAction":[{"@type":"SearchAction","target":{"@type":"EntryPoint","urlTemplate":"https:\/\/www.maquicat.com\/website\/home\/?s={search_term_string}"},"query-input":{"@type":"PropertyValueSpecification","valueRequired":true,"valueName":"search_term_string"}}],"inLanguage":"es"},{"@type":"Organization","@id":"https:\/\/www.maquicat.com\/website\/home\/#organization","name":"maquicat SAC","url":"https:\/\/www.maquicat.com\/website\/home\/","logo":{"@type":"ImageObject","inLanguage":"es","@id":"https:\/\/www.maquicat.com\/website\/home\/#\/schema\/logo\/image\/","url":"https:\/\/www.maquicat.com\/website\/wp-content\/uploads\/2015\/11\/logo_maqX2.png","contentUrl":"https:\/\/www.maquicat.com\/website\/wp-content\/uploads\/2015\/11\/logo_maqX2.png","width":476,"height":110,"caption":"maquicat SAC"},"image":{"@id":"https:\/\/www.maquicat.com\/website\/home\/#\/schema\/logo\/image\/"}}]}},"_links":{"self":[{"href":"https:\/\/www.maquicat.com\/website\/home\/wp-json\/wp\/v2\/pages\/558","targetHints":{"allow":["GET"]}}],"collection":[{"href":"https:\/\/www.maquicat.com\/website\/home\/wp-json\/wp\/v2\/pages"}],"about":[{"href":"https:\/\/www.maquicat.com\/website\/home\/wp-json\/wp\/v2\/types\/page"}],"author":[{"embeddable":true,"href":"https:\/\/www.maquicat.com\/website\/home\/wp-json\/wp\/v2\/users\/1"}],"replies":[{"embeddable":true,"href":"https:\/\/www.maquicat.com\/website\/home\/wp-json\/wp\/v2\/comments?post=558"}],"version-history":[{"count":3,"href":"https:\/\/www.maquicat.com\/website\/home\/wp-json\/wp\/v2\/pages\/558\/revisions"}],"predecessor-version":[{"id":584,"href":"https:\/\/www.maquicat.com\/website\/home\/wp-json\/wp\/v2\/pages\/558\/revisions\/584"}],"up":[{"embeddable":true,"href":"https:\/\/www.maquicat.com\/website\/home\/wp-json\/wp\/v2\/pages\/29"}],"wp:attachment":[{"href":"https:\/\/www.maquicat.com\/website\/home\/wp-json\/wp\/v2\/media?parent=558"}],"curies":[{"name":"wp","href":"https:\/\/api.w.org\/{rel}","templated":true}]}}