{"id":146,"date":"2015-10-14T21:26:40","date_gmt":"2015-10-14T21:26:40","guid":{"rendered":"http:\/\/www.maquicat.com\/website\/home\/?page_id=146"},"modified":"2015-11-13T15:26:43","modified_gmt":"2015-11-13T15:26:43","slug":"mision-y-vision","status":"publish","type":"page","link":"https:\/\/www.maquicat.com\/website\/home\/quienes-somos\/mision-y-vision\/","title":{"rendered":"MISION Y VISION"},"content":{"rendered":"<div id=\"pl-146\"  class=\"panel-layout\" ><div id=\"pg-146-0\"  class=\"panel-grid panel-no-style\" ><div id=\"pgc-146-0-0\"  class=\"panel-grid-cell\" ><div id=\"panel-146-0-0-0\" class=\"so-panel widget widget_black-studio-tinymce widget_black_studio_tinymce panel-first-child\" data-index=\"0\" ><div class=\"panel-widget-style panel-widget-style-for-146-0-0-0\" ><div class=\"textwidget\"><p><div class=\"osc-res-tab tabbable   osc-tabs-left\"><div style=\"clear:both;width: 100%;\"><ul class=\"nav osc-res-nav nav-tabs osc-tabs-left-ul\" id=\"oscitas-restabs-1-mision-y-vision-89585\"><li class=\"active\"><a href=\"#ert_pane1-0\" data-toggle=\"tab\">MISION<\/a><\/li><li class=\"\"><a href=\"#ert_pane1-1\" data-toggle=\"tab\">VISION<\/a><\/li><li class=\"\"><a href=\"#ert_pane1-2\" data-toggle=\"tab\">COMPROMISO SOCIAL<\/a><\/li><\/ul><\/div><div style=\"clear:both;width: 100%;\"><ul class=\"tab-content\" id=\"oscitas-restabcontent-1-mision-y-vision-89585\"><li class=\"tab-pane active\" id=\"ert_pane1-0\"><em>Contribuir a la\u00a0 industria con productos y servicios de calidad, ofreciendo una excelente atenci\u00f3n al cliente y el servicio post venta, satisfaciendo las necesidades del sector: Minero, Construcci\u00f3n, Petrolero y Pesquero<\/em>.<\/li><li class=\"tab-pane \" id=\"ert_pane1-1\"><em>Ser reconocidos por nuestros clientes como sus socios estrat\u00e9gicos, creando lazos de confianza que duren a trav\u00e9s del tiempo.<\/em>.<\/li><li class=\"tab-pane \" id=\"ert_pane1-2\">En MAQUICAT SAC, estamos comprometidos con el desarrollo profesional de alto nivel de los nuevos valores de la mec\u00e1nica, facilit\u00e1ndoles los \u00faltimos avances de tecnolog\u00eda en el campo de la mec\u00e1nica pesada, \u00a0garantizando su bienestar con cobertura SCTR, y capacit\u00e1ndolos constantemente en los diferentes campos de acci\u00f3n de nuestra empresa.\u00a0.<\/li><\/ul><\/div><\/div><\/p>\n<\/div><\/div><\/div><div id=\"panel-146-0-0-1\" class=\"so-panel widget widget_sow-slider panel-last-child\" data-index=\"1\" ><div class=\"panel-widget-style panel-widget-style-for-146-0-0-1\" ><div\n\t\t\t\n\t\t\tclass=\"so-widget-sow-slider so-widget-sow-slider-default-6d39609536fd-146\"\n\t\t\t\n\t\t>\t\t\t\t<div class=\"sow-slider-base\" style=\"display: none\" tabindex=\"0\">\n\t\t\t\t\t<ul\n\t\t\t\t\tclass=\"sow-slider-images\"\n\t\t\t\t\tdata-settings=\"{&quot;pagination&quot;:true,&quot;speed&quot;:800,&quot;timeout&quot;:8000,&quot;paused&quot;:false,&quot;pause_on_hover&quot;:false,&quot;swipe&quot;:true,&quot;nav_always_show_desktop&quot;:&quot;&quot;,&quot;nav_always_show_mobile&quot;:&quot;&quot;,&quot;breakpoint&quot;:&quot;780px&quot;,&quot;unmute&quot;:false,&quot;anchor&quot;:null}\"\n\t\t\t\t\t\t\t\t\t\tdata-anchor-id=\"\"\n\t\t\t\t>\t\t<li class=\"sow-slider-image\" style=\"visibility: visible;\" >\n\t\t\t\t\t\t<img loading=\"lazy\" decoding=\"async\" width=\"2006\" height=\"526\" src=\"https:\/\/www.maquicat.com\/website\/wp-content\/uploads\/2015\/10\/logo_maqfb.png\" class=\"sow-slider-background-image\" alt=\"\" style=\"\" srcset=\"https:\/\/www.maquicat.com\/website\/wp-content\/uploads\/2015\/10\/logo_maqfb.png 2006w, https:\/\/www.maquicat.com\/website\/wp-content\/uploads\/2015\/10\/logo_maqfb-300x79.png 300w, https:\/\/www.maquicat.com\/website\/wp-content\/uploads\/2015\/10\/logo_maqfb-1024x269.png 1024w\" sizes=\"auto, (max-width: 2006px) 100vw, 2006px\" \/>\t\t<\/li>\n\t\t\t\t<li class=\"sow-slider-image\" style=\"visibility: hidden;\" >\n\t\t\t\t\t\t<img loading=\"lazy\" decoding=\"async\" width=\"1583\" height=\"424\" src=\"https:\/\/www.maquicat.com\/website\/wp-content\/uploads\/2015\/10\/cropped-cropped-maqui3.jpg\" class=\"sow-slider-background-image\" alt=\"\" style=\"\" srcset=\"https:\/\/www.maquicat.com\/website\/wp-content\/uploads\/2015\/10\/cropped-cropped-maqui3.jpg 1583w, https:\/\/www.maquicat.com\/website\/wp-content\/uploads\/2015\/10\/cropped-cropped-maqui3-300x80.jpg 300w, https:\/\/www.maquicat.com\/website\/wp-content\/uploads\/2015\/10\/cropped-cropped-maqui3-1024x274.jpg 1024w\" sizes=\"auto, (max-width: 1583px) 100vw, 1583px\" \/>\t\t<\/li>\n\t\t<\/ul>\t\t\t\t<ol class=\"sow-slider-pagination\">\n\t\t\t\t\t\t\t\t\t\t\t<li><a href=\"#\" data-goto=\"0\" aria-label=\"mostrar diapositiva 1\"><\/a><\/li>\n\t\t\t\t\t\t\t\t\t\t\t<li><a href=\"#\" data-goto=\"1\" aria-label=\"mostrar diapositiva 2\"><\/a><\/li>\n\t\t\t\t\t\t\t\t\t<\/ol>\n\n\t\t\t\t<div class=\"sow-slide-nav sow-slide-nav-next\">\n\t\t\t\t\t<a href=\"#\" data-goto=\"next\" aria-label=\"diapositiva siguiente\" data-action=\"next\">\n\t\t\t\t\t\t<em class=\"sow-sld-icon-thin-right\"><\/em>\n\t\t\t\t\t<\/a>\n\t\t\t\t<\/div>\n\n\t\t\t\t<div class=\"sow-slide-nav sow-slide-nav-prev\">\n\t\t\t\t\t<a href=\"#\" data-goto=\"previous\" aria-label=\"diapositiva anterior\" data-action=\"prev\">\n\t\t\t\t\t\t<em class=\"sow-sld-icon-thin-left\"><\/em>\n\t\t\t\t\t<\/a>\n\t\t\t\t<\/div>\n\t\t\t\t<\/div><\/div><\/div><\/div><\/div><\/div><\/div>","protected":false},"excerpt":{"rendered":"<p>MISIONVISIONCOMPROMISO SOCIALContribuir a la\u00a0 industria con productos y servicios de calidad, ofreciendo una excelente atenci\u00f3n al cliente y el servicio post venta, satisfaciendo las necesidades del sector: Minero, Construcci\u00f3n, Petrolero y Pesquero.Ser reconocidos por nuestros clientes como sus socios estrat\u00e9gicos, creando lazos de confianza que duren a trav\u00e9s del tiempo..En MAQUICAT SAC, estamos comprometidos con [&hellip;]<\/p>\n","protected":false},"author":1,"featured_media":0,"parent":12,"menu_order":0,"comment_status":"closed","ping_status":"closed","template":"custom-page.php","meta":{"footnotes":""},"class_list":["post-146","page","type-page","status-publish","hentry"],"yoast_head":"<!-- This site is optimized with the Yoast SEO plugin v24.2 - https:\/\/yoast.com\/wordpress\/plugins\/seo\/ -->\n<title>MISION Y VISION - MAQUICAT S.A.C.<\/title>\n<meta name=\"robots\" content=\"index, follow, max-snippet:-1, max-image-preview:large, max-video-preview:-1\" \/>\n<link rel=\"canonical\" href=\"https:\/\/www.maquicat.com\/website\/home\/quienes-somos\/mision-y-vision\/\" \/>\n<meta property=\"og:locale\" content=\"es_ES\" \/>\n<meta property=\"og:type\" content=\"article\" \/>\n<meta property=\"og:title\" content=\"MISION Y VISION - MAQUICAT S.A.C.\" \/>\n<meta property=\"og:description\" content=\"MISIONVISIONCOMPROMISO SOCIALContribuir a la\u00a0 industria con productos y servicios de calidad, ofreciendo una excelente atenci\u00f3n al cliente y el servicio post venta, satisfaciendo las necesidades del sector: Minero, Construcci\u00f3n, Petrolero y Pesquero.Ser reconocidos por nuestros clientes como sus socios estrat\u00e9gicos, creando lazos de confianza que duren a trav\u00e9s del tiempo..En MAQUICAT SAC, estamos comprometidos con [&hellip;]\" \/>\n<meta property=\"og:url\" content=\"https:\/\/www.maquicat.com\/website\/home\/quienes-somos\/mision-y-vision\/\" \/>\n<meta property=\"og:site_name\" content=\"MAQUICAT S.A.C.\" \/>\n<meta property=\"article:modified_time\" content=\"2015-11-13T15:26:43+00:00\" \/>\n<meta property=\"og:image\" content=\"http:\/\/www.maquicat.com\/website\/wp-content\/uploads\/2015\/10\/logo_maqfb.png\" \/>\n<meta name=\"twitter:card\" content=\"summary_large_image\" \/>\n<meta name=\"twitter:label1\" content=\"Tiempo de lectura\" \/>\n\t<meta name=\"twitter:data1\" content=\"1 minuto\" \/>\n<script type=\"application\/ld+json\" class=\"yoast-schema-graph\">{\"@context\":\"https:\/\/schema.org\",\"@graph\":[{\"@type\":\"WebPage\",\"@id\":\"https:\/\/www.maquicat.com\/website\/home\/quienes-somos\/mision-y-vision\/\",\"url\":\"https:\/\/www.maquicat.com\/website\/home\/quienes-somos\/mision-y-vision\/\",\"name\":\"MISION Y VISION - MAQUICAT S.A.C.\",\"isPartOf\":{\"@id\":\"https:\/\/www.maquicat.com\/website\/home\/#website\"},\"primaryImageOfPage\":{\"@id\":\"https:\/\/www.maquicat.com\/website\/home\/quienes-somos\/mision-y-vision\/#primaryimage\"},\"image\":{\"@id\":\"https:\/\/www.maquicat.com\/website\/home\/quienes-somos\/mision-y-vision\/#primaryimage\"},\"thumbnailUrl\":\"http:\/\/www.maquicat.com\/website\/wp-content\/uploads\/2015\/10\/logo_maqfb.png\",\"datePublished\":\"2015-10-14T21:26:40+00:00\",\"dateModified\":\"2015-11-13T15:26:43+00:00\",\"breadcrumb\":{\"@id\":\"https:\/\/www.maquicat.com\/website\/home\/quienes-somos\/mision-y-vision\/#breadcrumb\"},\"inLanguage\":\"es\",\"potentialAction\":[{\"@type\":\"ReadAction\",\"target\":[\"https:\/\/www.maquicat.com\/website\/home\/quienes-somos\/mision-y-vision\/\"]}]},{\"@type\":\"ImageObject\",\"inLanguage\":\"es\",\"@id\":\"https:\/\/www.maquicat.com\/website\/home\/quienes-somos\/mision-y-vision\/#primaryimage\",\"url\":\"http:\/\/www.maquicat.com\/website\/wp-content\/uploads\/2015\/10\/logo_maqfb.png\",\"contentUrl\":\"http:\/\/www.maquicat.com\/website\/wp-content\/uploads\/2015\/10\/logo_maqfb.png\"},{\"@type\":\"BreadcrumbList\",\"@id\":\"https:\/\/www.maquicat.com\/website\/home\/quienes-somos\/mision-y-vision\/#breadcrumb\",\"itemListElement\":[{\"@type\":\"ListItem\",\"position\":1,\"name\":\"Portada\",\"item\":\"https:\/\/www.maquicat.com\/website\/home\/\"},{\"@type\":\"ListItem\",\"position\":2,\"name\":\"QUIENES SOMOS\",\"item\":\"https:\/\/www.maquicat.com\/website\/home\/quienes-somos\/\"},{\"@type\":\"ListItem\",\"position\":3,\"name\":\"MISION Y VISION\"}]},{\"@type\":\"WebSite\",\"@id\":\"https:\/\/www.maquicat.com\/website\/home\/#website\",\"url\":\"https:\/\/www.maquicat.com\/website\/home\/\",\"name\":\"MAQUICAT S.A.C.\",\"description\":\"REPARACI\u00d3N DE MAQUINARIA PESADA \u25a0\u25a0\u25a0TELF. 945045270\",\"publisher\":{\"@id\":\"https:\/\/www.maquicat.com\/website\/home\/#organization\"},\"potentialAction\":[{\"@type\":\"SearchAction\",\"target\":{\"@type\":\"EntryPoint\",\"urlTemplate\":\"https:\/\/www.maquicat.com\/website\/home\/?s={search_term_string}\"},\"query-input\":{\"@type\":\"PropertyValueSpecification\",\"valueRequired\":true,\"valueName\":\"search_term_string\"}}],\"inLanguage\":\"es\"},{\"@type\":\"Organization\",\"@id\":\"https:\/\/www.maquicat.com\/website\/home\/#organization\",\"name\":\"maquicat SAC\",\"url\":\"https:\/\/www.maquicat.com\/website\/home\/\",\"logo\":{\"@type\":\"ImageObject\",\"inLanguage\":\"es\",\"@id\":\"https:\/\/www.maquicat.com\/website\/home\/#\/schema\/logo\/image\/\",\"url\":\"https:\/\/www.maquicat.com\/website\/wp-content\/uploads\/2015\/11\/logo_maqX2.png\",\"contentUrl\":\"https:\/\/www.maquicat.com\/website\/wp-content\/uploads\/2015\/11\/logo_maqX2.png\",\"width\":476,\"height\":110,\"caption\":\"maquicat SAC\"},\"image\":{\"@id\":\"https:\/\/www.maquicat.com\/website\/home\/#\/schema\/logo\/image\/\"}}]}<\/script>\n<!-- \/ Yoast SEO plugin. -->","yoast_head_json":{"title":"MISION Y VISION - MAQUICAT S.A.C.","robots":{"index":"index","follow":"follow","max-snippet":"max-snippet:-1","max-image-preview":"max-image-preview:large","max-video-preview":"max-video-preview:-1"},"canonical":"https:\/\/www.maquicat.com\/website\/home\/quienes-somos\/mision-y-vision\/","og_locale":"es_ES","og_type":"article","og_title":"MISION Y VISION - MAQUICAT S.A.C.","og_description":"MISIONVISIONCOMPROMISO SOCIALContribuir a la\u00a0 industria con productos y servicios de calidad, ofreciendo una excelente atenci\u00f3n al cliente y el servicio post venta, satisfaciendo las necesidades del sector: Minero, Construcci\u00f3n, Petrolero y Pesquero.Ser reconocidos por nuestros clientes como sus socios estrat\u00e9gicos, creando lazos de confianza que duren a trav\u00e9s del tiempo..En MAQUICAT SAC, estamos comprometidos con [&hellip;]","og_url":"https:\/\/www.maquicat.com\/website\/home\/quienes-somos\/mision-y-vision\/","og_site_name":"MAQUICAT S.A.C.","article_modified_time":"2015-11-13T15:26:43+00:00","og_image":[{"url":"http:\/\/www.maquicat.com\/website\/wp-content\/uploads\/2015\/10\/logo_maqfb.png","type":"","width":"","height":""}],"twitter_card":"summary_large_image","twitter_misc":{"Tiempo de lectura":"1 minuto"},"schema":{"@context":"https:\/\/schema.org","@graph":[{"@type":"WebPage","@id":"https:\/\/www.maquicat.com\/website\/home\/quienes-somos\/mision-y-vision\/","url":"https:\/\/www.maquicat.com\/website\/home\/quienes-somos\/mision-y-vision\/","name":"MISION Y VISION - MAQUICAT S.A.C.","isPartOf":{"@id":"https:\/\/www.maquicat.com\/website\/home\/#website"},"primaryImageOfPage":{"@id":"https:\/\/www.maquicat.com\/website\/home\/quienes-somos\/mision-y-vision\/#primaryimage"},"image":{"@id":"https:\/\/www.maquicat.com\/website\/home\/quienes-somos\/mision-y-vision\/#primaryimage"},"thumbnailUrl":"http:\/\/www.maquicat.com\/website\/wp-content\/uploads\/2015\/10\/logo_maqfb.png","datePublished":"2015-10-14T21:26:40+00:00","dateModified":"2015-11-13T15:26:43+00:00","breadcrumb":{"@id":"https:\/\/www.maquicat.com\/website\/home\/quienes-somos\/mision-y-vision\/#breadcrumb"},"inLanguage":"es","potentialAction":[{"@type":"ReadAction","target":["https:\/\/www.maquicat.com\/website\/home\/quienes-somos\/mision-y-vision\/"]}]},{"@type":"ImageObject","inLanguage":"es","@id":"https:\/\/www.maquicat.com\/website\/home\/quienes-somos\/mision-y-vision\/#primaryimage","url":"http:\/\/www.maquicat.com\/website\/wp-content\/uploads\/2015\/10\/logo_maqfb.png","contentUrl":"http:\/\/www.maquicat.com\/website\/wp-content\/uploads\/2015\/10\/logo_maqfb.png"},{"@type":"BreadcrumbList","@id":"https:\/\/www.maquicat.com\/website\/home\/quienes-somos\/mision-y-vision\/#breadcrumb","itemListElement":[{"@type":"ListItem","position":1,"name":"Portada","item":"https:\/\/www.maquicat.com\/website\/home\/"},{"@type":"ListItem","position":2,"name":"QUIENES SOMOS","item":"https:\/\/www.maquicat.com\/website\/home\/quienes-somos\/"},{"@type":"ListItem","position":3,"name":"MISION Y VISION"}]},{"@type":"WebSite","@id":"https:\/\/www.maquicat.com\/website\/home\/#website","url":"https:\/\/www.maquicat.com\/website\/home\/","name":"MAQUICAT S.A.C.","description":"REPARACI\u00d3N DE MAQUINARIA PESADA \u25a0\u25a0\u25a0TELF. 945045270","publisher":{"@id":"https:\/\/www.maquicat.com\/website\/home\/#organization"},"potentialAction":[{"@type":"SearchAction","target":{"@type":"EntryPoint","urlTemplate":"https:\/\/www.maquicat.com\/website\/home\/?s={search_term_string}"},"query-input":{"@type":"PropertyValueSpecification","valueRequired":true,"valueName":"search_term_string"}}],"inLanguage":"es"},{"@type":"Organization","@id":"https:\/\/www.maquicat.com\/website\/home\/#organization","name":"maquicat SAC","url":"https:\/\/www.maquicat.com\/website\/home\/","logo":{"@type":"ImageObject","inLanguage":"es","@id":"https:\/\/www.maquicat.com\/website\/home\/#\/schema\/logo\/image\/","url":"https:\/\/www.maquicat.com\/website\/wp-content\/uploads\/2015\/11\/logo_maqX2.png","contentUrl":"https:\/\/www.maquicat.com\/website\/wp-content\/uploads\/2015\/11\/logo_maqX2.png","width":476,"height":110,"caption":"maquicat SAC"},"image":{"@id":"https:\/\/www.maquicat.com\/website\/home\/#\/schema\/logo\/image\/"}}]}},"_links":{"self":[{"href":"https:\/\/www.maquicat.com\/website\/home\/wp-json\/wp\/v2\/pages\/146","targetHints":{"allow":["GET"]}}],"collection":[{"href":"https:\/\/www.maquicat.com\/website\/home\/wp-json\/wp\/v2\/pages"}],"about":[{"href":"https:\/\/www.maquicat.com\/website\/home\/wp-json\/wp\/v2\/types\/page"}],"author":[{"embeddable":true,"href":"https:\/\/www.maquicat.com\/website\/home\/wp-json\/wp\/v2\/users\/1"}],"replies":[{"embeddable":true,"href":"https:\/\/www.maquicat.com\/website\/home\/wp-json\/wp\/v2\/comments?post=146"}],"version-history":[{"count":10,"href":"https:\/\/www.maquicat.com\/website\/home\/wp-json\/wp\/v2\/pages\/146\/revisions"}],"predecessor-version":[{"id":386,"href":"https:\/\/www.maquicat.com\/website\/home\/wp-json\/wp\/v2\/pages\/146\/revisions\/386"}],"up":[{"embeddable":true,"href":"https:\/\/www.maquicat.com\/website\/home\/wp-json\/wp\/v2\/pages\/12"}],"wp:attachment":[{"href":"https:\/\/www.maquicat.com\/website\/home\/wp-json\/wp\/v2\/media?parent=146"}],"curies":[{"name":"wp","href":"https:\/\/api.w.org\/{rel}","templated":true}]}}